(2/(-2)))/(5 - 4). What is the remainder when 12 is divided by 0 + (-1 - -7) + t?
0
Suppose -2*v = -7*v + 4*t + 622, -5*t - 620 = -5*v. What is the remainder when 62 is divided by (v/12)/(-3)*-6?
20
Let w(q) = -12*q - 345. Calculate the remainder when 3508 is divided by w(-40).
133
Suppose 0 = 5*b + 5*u - 600, u + 245 = 2*b - 2*u. Let o = -10106 - -10139. Calculate the remainder when b is divided by o.
22
Let a(b) = b**3 - 3*b**2 + 4*b - 9. Let j(v) = 2*v**3 + 21*v**2 + 11*v + 13. Let q be j(-10). What is the remainder when 82 is divided by a(q)?
1
Let r be (-5 - (-18)/3) + 3. Suppose b + r*m = 65 - 18, -4*b - m + 263 = 0. What is the remainder when 195 is divided by b?
61
Let i be (-2)/((-4)/33)*126/189. Let o = i - -17. What is the remainder when 109 is divided by o?
25
Let f(j) = 2*j**2 - 7*j - 3. What is the remainder when 363 is divided by f(6)?
12
Let s = -82 + 79. Let y(x) = -22*x + 5. What is the remainder when y(s) is divided by (-101)/(-4) + (-10)/40?
21
Suppose 4*b - 20*h = -22*h + 26682, b - 6684 = 4*h. Calculate the remainder when b is divided by 75.
72
Suppose -3*m + m - 4*l = -1020, 0 = 3*l - 9. What is the remainder when m is divided by 12?
0
What is the remainder when (-2)/2 + 1291 + -16 + -1 is divided by 110?
63
Suppose 28*k + 2452 = 5672. What is the remainder when k is divided by 24?
19
Let y = 120 - 117. Suppose -y*x - 905 = -8*x. What is the remainder when x is divided by 47?
40
Suppose 5*m + 13 - 53 = 0. Suppose -3*g + 12 = 27. Let x = g - -18. What is the remainder when x is divided by m?
5
Let m = -13816 - -13837. Calculate the remainder when 15854 is divided by m.
20
Let p(y) = y**3 - y**2 + 5*y + 2. Let i be p(0). Let c(q) = 29*q**3 + 2*q**2 - 2*q + 1. What is the remainder when c(i) is divided by 60?
57
Let k(c) = -c**3 - 25*c**2 - 2*c - 400. Calculate the remainder when k(-26) is divided by 15.
13
Suppose -300 = -j - 3*j + 5*x, 0 = 4*j + 3*x - 332. Let z = -68 + 1. Let c = z + j. What is the remainder when 48 is divided by c?
9
Calculate the remainder when 1696 is divided by 437/(-38)*((-9)/(-3) + -5).
17
Let c = 32 - 18. Suppose 4*q - 30 = 3*a, a - 8 + 6 = 0. Let d(n) = n**2 + 4*n - 36. Calculate the remainder when d(q) is divided by c.
11
Let j be 1008/(-30) + (-6)/15. What is the remainder when 16 is divided by (-412)/j - (-22)/(-187)?
4
Let n(l) = -14*l + 5. Let f = -55 - -53. Let k = -319 + 450. What is the remainder when k is divided by n(f)?
32
Let h = -2582 + 2616. What is the remainder when 222 is divided by h?
18
Let n(f) = 13*f**2 + 3*f - 4. Suppose -10*t = -12*t + 2. Let h = 7 - -16. What is the remainder when h is divided by n(t)?
11
Calculate the remainder when 1364 is divided by ((-1074)/(-16))/(63/420) + 9/18.
20
Suppose 0 = 35*m - 4078 - 2432. What is the remainder when m is divided by 38?
34
Let n = 39 + -10. What is the remainder when (-108)/(-8) - 18 - 700/(-8) is divided by n?
25
Suppose m = g - 18, 4*g - 11*m - 72 = -12*m. Let y(d) = -d**3 - 9*d**2 + 20*d + 47. Calculate the remainder when y(-11) is divided by g.
15
Suppose -266 - 706 = -12*u. Suppose 73*h + 1016 = u*h. What is the remainder when h is divided by 13?
10
Suppose 6*i = 3*i + 2*b + 2315, 0 = -b + 2. Suppose i = 40*t - 7107. Calculate the remainder when t is divided by 25.
22
Suppose 1 - 61 = -4*c. What is the remainder when -104*(-9 + (-16 - -24)) is divided by c?
14
Let y = 694 + -718. Let a(q) = q**3 + 25*q**2 + 5*q - 7. Calculate the remainder when a(y) is divided by 41.
39
Let l(z) = z**3 - 2*z**2 + 175. Let k be l(0). Calculate the remainder when (3750/k)/(2/7) is divided by 27.
21
Suppose 41*f - 5544 = 27*f. Calculate the remainder when f is divided by 25.
21
Let n = 26 - -7. Suppose 2518 + 3592 = 4*p + 43*p. Calculate the remainder when p is divided by n.
31
Calculate the remainder when 1596 is divided by 2 + (570/12 - 8/(-16)).
46
Let b = 263 - 170. Suppose -87 - b = -15*m. What is the remainder when 80 is divided by m?
8
Let i = -561 - -561. Suppose 25*a = -i*a + 4400. Calculate the remainder when a is divided by 31.
21
Let d = -62 + 70. Suppose -78 = -10*t - d. Suppose 10*g = t + 63. Calculate the remainder when 12 is divided by g.
5
What is the remainder when 3954 is divided by (-2)/5*((-1380)/(-11 + -1))/(-1)?
44
Let w = -251 - -501. Suppose 2*z + 0 + 4 = 0, 5*z + w = 4*q. What is the remainder when 155 is divided by q?
35
Let f(c) = -c**3 + 8*c**2 + 38*c - 5. Let g be f(10). Let y = -163 + g. What is the remainder when 29 is divided by y?
5
Let b(v) = -14*v + 210. Let z be b(15). Suppose u - 5*c + 6 - 40 = 0, z = -3*u + c + 116. Calculate the remainder when u is divided by (-14)/(-4)*(1 + 1).
4
What is the remainder when 485 is divided by 103 + (0/3)/(-2)?
73
Let r = -410 + 381. What is the remainder when r/7 + (-14)/(-98) - -151 is divided by 16?
3
Suppose -26*o + 775 + 317 = 0. Suppose -450 = -4*q - q. What is the remainder when q is divided by o?
6
Suppose -129*r - 34*r + 717664 = r. What is the remainder when r is divided by 1455?
11
Suppose -4*n + 3684 = n + 3*j, 2*n - 2*j = 1496. What is the remainder when 751 is divided by n?
10
Let a = -2 - -21. Suppose 7*s - 99 = 321. Let u = a + s. What is the remainder when u is divided by 27?
25
Let s = 20964 - 20960. What is the remainder when 1 + 1 + 0 - -17 is divided by s?
3
Let f be ((-1)/3)/(4/48 + 0). Let j = f - -6. Suppose 431 - 61 = j*s. What is the remainder when s is divided by 17?
15
Let b = -16 - -63. Let q = -52825 - -52960. Calculate the remainder when q is divided by b.
41
Let u = 38003 + -37999. Let i(f) = 2*f**2 + f - 1. Let l be i(1). Suppose -11 = -l*r + 17. Calculate the remainder when r is divided by u.
2
Let p be 10/(-4)*((-108)/(-6) + -8). What is the remainder when 46 is divided by (-101)/(-6) - ((-150)/(-36))/p?
12
Suppose 0 = 2*i - 2 + 2. Suppose i = j + 3*m - 2 + 12, -m - 2 = 0. Calculate the remainder when (-168)/(-6) - (0 - j/(-4)) is divided by 15.
14
Suppose -204 = 5*a - 8*a - 3*o, 3*o + 60 = a. Let g be (-5)/1 + -1 + a. Suppose -g = -44*h + 41*h. What is the remainder when 57 is divided by h?
17
Suppose -284 = -3*f - f. Let h = 1375 - 597. Calculate the remainder when h is divided by f.
68
Let b(x) = 2*x**3 + 2*x**2 - 4*x - 2. Let d be b(2). Let i(m) = m**2 - 2*m - 143. Calculate the remainder when i(d) is divided by 10.
5
Suppose 18*x = 70*x - 8788. Calculate the remainder when 13 is divided by 3/1 + (-10 - x/(-13)).
1
Let j be (-1157)/(-7) - -1 - (-26)/(-91). Suppose 3*z - 5*u - 130 = 0, -3*z - 4*u + 0*u = -j. Calculate the remainder when 110 is divided by z.
10
Let s = 23 - -12. Calculate the remainder when (1*(-414)/(-30))/((-2)/(-10)) is divided by s.
34
Let b = -11 - -18. Let k be (-4)/12 + b/((-21)/8). What is the remainder when 1*(60/k)/(-2) is divided by 6?
4
Suppose -30*x + 33*x - 3*y = 783, 0 = 3*y + 9. What is the remainder when 272 is divided by x?
14
Suppose 6*k - 2*z = k + 6, 16 = 5*k + 3*z. What is the remainder when (3/5)/((-42)/1750*-5) is divided by k?
1
Let m(a) = -9*a + 565. Calculate the remainder when m(18) is divided by 101.
100
Let w(x) = -87*x - 13. Let y be w(-4). Let h = y - 214. Suppose -2*a - 2*o = 2*o - 50, -3*a + 102 = -3*o. What is the remainder when h is divided by a?
28
Let b = 10451 + -10420. What is the remainder when 1268 is divided by b?
28
Let v = -10332 + 10667. Calculate the remainder when v is divided by 69.
59
Let g(p) = 44*p**2 + 5*p + 27. What is the remainder when g(4) is divided by 95?
86
Suppose -52*j + 430*j - 187866 = 0. What is the remainder when j is divided by 148?
53
Let g(m) = 2*m**2 + 26*m + 10. Let d be g(-13). Suppose -d*s + 49 = -91. What is the remainder when 1*(-1 - -15 - 0) is divided by s?
0
Let t = 5 + 7. Let g = -18456 - -18525. What is the remainder when g is divided by t?
9
Let l(o) = -62*o - 3. Let d(z) = z**3 - 6*z**2 + 5*z + 7. Let n be d(5). Calculate the remainder when l(-2) is divided by (1 - -2 - -2)/(n/35).
21
Suppose 2*m = -7*m + m. Suppose 0 = -x - m*a + a + 8, a = -3*x + 36. Calculate the remainder when x is divided by 2.
1
Suppose 3535 + 6119 = 6*o. What is the remainder when o is divided by 85?
79
Let p(s) = 8*s**2 + 2*s - 3. Let n(z) = -4*z + 9. Let o be n(3). Let k be p(o). Suppose 4*y = -23 + k. Calculate the remainder when 28 is divided by y.
8
Suppo